{"id":64,"date":"2015-11-30T14:59:03","date_gmt":"2015-11-30T14:59:03","guid":{"rendered":"http:\/\/www.2link.de\/vds\/sportbootfuhrerschein-see\/"},"modified":"2022-12-29T10:56:19","modified_gmt":"2022-12-29T09:56:19","slug":"sportbootfuhrerschein-see","status":"publish","type":"page","link":"https:\/\/www.2link.de\/vds\/sportbootfuehrerscheine\/sportbootfuhrerschein-see\/","title":{"rendered":"Sportbootf\u00fchrerschein-See"},"content":{"rendered":"\n<style type=\"text\/css\" data-created_by=\"avia_inline_auto\" id=\"style-css-av-lc8wve0a-5b29814efd19b51b5b24ec658a43d652\">\n#top .av-special-heading.av-lc8wve0a-5b29814efd19b51b5b24ec658a43d652{\npadding-bottom:10px;\n}\nbody .av-special-heading.av-lc8wve0a-5b29814efd19b51b5b24ec658a43d652 .av-special-heading-tag .heading-char{\nfont-size:25px;\n}\n.av-special-heading.av-lc8wve0a-5b29814efd19b51b5b24ec658a43d652 .av-subheading{\nfont-size:15px;\n}\n<\/style>\n<div  class='av-special-heading av-lc8wve0a-5b29814efd19b51b5b24ec658a43d652 av-special-heading-h1  avia-builder-el-0  el_before_av_textblock  avia-builder-el-first '><h1 class='av-special-heading-tag'  itemprop=\"headline\"  >Sportbootf\u00fchrerschein-See<\/h1><div class=\"special-heading-border\"><div class=\"special-heading-inner-border\"><\/div><\/div><\/div>\n<section  class='av_textblock_section av-av_textblock-154edf3b81ea89278a85a087be81f544'  itemscope=\"itemscope\" itemtype=\"https:\/\/schema.org\/CreativeWork\" ><div class='avia_textblock'  itemprop=\"text\" ><p><strong>Sie m\u00f6chten auf K\u00fcstengew\u00e4ssern Wassersport aus\u00fcben?<\/strong><\/p>\n<p>Innerhalb der 3 Seemeilenzone ist vom Bundesverkehrsministerium f\u00fcr Segelyachten und f\u00fcr Motorboote mit mehr als 15 PS Antriebsleistung eine Fahrerlaubnis vorgeschrieben:<\/p>\n<p><strong>Der Sportbootf\u00fchrerschein-See (SBF-See)<\/strong><\/p>\n<p>Kenntnisse des nationalen und internationalen Schifffahrtsrechts, Navigation, Gezeitenkunde, Seemannschaft und Wetterkunde werden bei der Pr\u00fcfung verlangt. Der Bundesverkehrsminister empfiehlt aus Sicherheitsgr\u00fcnden eine praktische Ausbildung an Bord eines Motorbootes von mindestens f\u00fcnf Stunden.<\/p>\n<p>Mindestalter: 16 Jahre, Kinder d\u00fcrfen im K\u00fcstenbereich unter Aufsicht Motorboote mit einer Antriebsleistung von bis zu 5 PS fahren<\/p>\n<\/div><\/section>\n","protected":false},"excerpt":{"rendered":"","protected":false},"author":1,"featured_media":0,"parent":197,"menu_order":2,"comment_status":"closed","ping_status":"closed","template":"","meta":{"footnotes":""},"class_list":["post-64","page","type-page","status-publish","hentry"],"yoast_head":"<!-- This site is optimized with the Yoast SEO plugin v27.3 - https:\/\/yoast.com\/product\/yoast-seo-wordpress\/ -->\n<title>Sportbootf\u00fchrerschein-See - Verband Deutscher Sportbootschulen<\/title>\n<meta name=\"robots\" content=\"index, follow, max-snippet:-1, max-image-preview:large, max-video-preview:-1\" \/>\n<meta property=\"og:locale\" content=\"de_DE\" \/>\n<meta property=\"og:type\" content=\"article\" \/>\n<meta property=\"og:title\" content=\"Sportbootf\u00fchrerschein-See - Verband Deutscher Sportbootschulen\" \/>\n<meta property=\"og:url\" content=\"https:\/\/www.2link.de\/vds\/sportbootfuehrerscheine\/sportbootfuhrerschein-see\/\" \/>\n<meta property=\"og:site_name\" content=\"Verband Deutscher Sportbootschulen\" \/>\n<meta property=\"article:modified_time\" content=\"2022-12-29T09:56:19+00:00\" \/>\n<meta name=\"twitter:card\" content=\"summary_large_image\" \/>\n<meta name=\"twitter:label1\" content=\"Gesch\u00e4tzte Lesezeit\" \/>\n\t<meta name=\"twitter:data1\" content=\"1\u00a0Minute\" \/>\n<script type=\"application\/ld+json\" class=\"yoast-schema-graph\">{\"@context\":\"https:\\\/\\\/schema.org\",\"@graph\":[{\"@type\":\"WebPage\",\"@id\":\"https:\\\/\\\/www.2link.de\\\/vds\\\/sportbootfuehrerscheine\\\/sportbootfuhrerschein-see\\\/\",\"url\":\"https:\\\/\\\/www.2link.de\\\/vds\\\/sportbootfuehrerscheine\\\/sportbootfuhrerschein-see\\\/\",\"name\":\"Sportbootf\u00fchrerschein-See - Verband Deutscher Sportbootschulen\",\"isPartOf\":{\"@id\":\"https:\\\/\\\/www.2link.de\\\/vds\\\/#website\"},\"datePublished\":\"2015-11-30T14:59:03+00:00\",\"dateModified\":\"2022-12-29T09:56:19+00:00\",\"breadcrumb\":{\"@id\":\"https:\\\/\\\/www.2link.de\\\/vds\\\/sportbootfuehrerscheine\\\/sportbootfuhrerschein-see\\\/#breadcrumb\"},\"inLanguage\":\"de\",\"potentialAction\":[{\"@type\":\"ReadAction\",\"target\":[\"https:\\\/\\\/www.2link.de\\\/vds\\\/sportbootfuehrerscheine\\\/sportbootfuhrerschein-see\\\/\"]}]},{\"@type\":\"BreadcrumbList\",\"@id\":\"https:\\\/\\\/www.2link.de\\\/vds\\\/sportbootfuehrerscheine\\\/sportbootfuhrerschein-see\\\/#breadcrumb\",\"itemListElement\":[{\"@type\":\"ListItem\",\"position\":1,\"name\":\"Startseite\",\"item\":\"https:\\\/\\\/www.2link.de\\\/vds\\\/\"},{\"@type\":\"ListItem\",\"position\":2,\"name\":\"\u00dcbersicht\",\"item\":\"https:\\\/\\\/www.2link.de\\\/vds\\\/sportbootfuehrerscheine\\\/\"},{\"@type\":\"ListItem\",\"position\":3,\"name\":\"Sportbootf\u00fchrerschein-See\"}]},{\"@type\":\"WebSite\",\"@id\":\"https:\\\/\\\/www.2link.de\\\/vds\\\/#website\",\"url\":\"https:\\\/\\\/www.2link.de\\\/vds\\\/\",\"name\":\"Verband Deutscher Sportbootschulen\",\"description\":\"\",\"potentialAction\":[{\"@type\":\"SearchAction\",\"target\":{\"@type\":\"EntryPoint\",\"urlTemplate\":\"https:\\\/\\\/www.2link.de\\\/vds\\\/?s={search_term_string}\"},\"query-input\":{\"@type\":\"PropertyValueSpecification\",\"valueRequired\":true,\"valueName\":\"search_term_string\"}}],\"inLanguage\":\"de\"}]}<\/script>\n<!-- \/ Yoast SEO plugin. -->","yoast_head_json":{"title":"Sportbootf\u00fchrerschein-See - Verband Deutscher Sportbootschulen","robots":{"index":"index","follow":"follow","max-snippet":"max-snippet:-1","max-image-preview":"max-image-preview:large","max-video-preview":"max-video-preview:-1"},"og_locale":"de_DE","og_type":"article","og_title":"Sportbootf\u00fchrerschein-See - Verband Deutscher Sportbootschulen","og_url":"https:\/\/www.2link.de\/vds\/sportbootfuehrerscheine\/sportbootfuhrerschein-see\/","og_site_name":"Verband Deutscher Sportbootschulen","article_modified_time":"2022-12-29T09:56:19+00:00","twitter_card":"summary_large_image","twitter_misc":{"Gesch\u00e4tzte Lesezeit":"1\u00a0Minute"},"schema":{"@context":"https:\/\/schema.org","@graph":[{"@type":"WebPage","@id":"https:\/\/www.2link.de\/vds\/sportbootfuehrerscheine\/sportbootfuhrerschein-see\/","url":"https:\/\/www.2link.de\/vds\/sportbootfuehrerscheine\/sportbootfuhrerschein-see\/","name":"Sportbootf\u00fchrerschein-See - Verband Deutscher Sportbootschulen","isPartOf":{"@id":"https:\/\/www.2link.de\/vds\/#website"},"datePublished":"2015-11-30T14:59:03+00:00","dateModified":"2022-12-29T09:56:19+00:00","breadcrumb":{"@id":"https:\/\/www.2link.de\/vds\/sportbootfuehrerscheine\/sportbootfuhrerschein-see\/#breadcrumb"},"inLanguage":"de","potentialAction":[{"@type":"ReadAction","target":["https:\/\/www.2link.de\/vds\/sportbootfuehrerscheine\/sportbootfuhrerschein-see\/"]}]},{"@type":"BreadcrumbList","@id":"https:\/\/www.2link.de\/vds\/sportbootfuehrerscheine\/sportbootfuhrerschein-see\/#breadcrumb","itemListElement":[{"@type":"ListItem","position":1,"name":"Startseite","item":"https:\/\/www.2link.de\/vds\/"},{"@type":"ListItem","position":2,"name":"\u00dcbersicht","item":"https:\/\/www.2link.de\/vds\/sportbootfuehrerscheine\/"},{"@type":"ListItem","position":3,"name":"Sportbootf\u00fchrerschein-See"}]},{"@type":"WebSite","@id":"https:\/\/www.2link.de\/vds\/#website","url":"https:\/\/www.2link.de\/vds\/","name":"Verband Deutscher Sportbootschulen","description":"","potentialAction":[{"@type":"SearchAction","target":{"@type":"EntryPoint","urlTemplate":"https:\/\/www.2link.de\/vds\/?s={search_term_string}"},"query-input":{"@type":"PropertyValueSpecification","valueRequired":true,"valueName":"search_term_string"}}],"inLanguage":"de"}]}},"_links":{"self":[{"href":"https:\/\/www.2link.de\/vds\/wp-json\/wp\/v2\/pages\/64","targetHints":{"allow":["GET"]}}],"collection":[{"href":"https:\/\/www.2link.de\/vds\/wp-json\/wp\/v2\/pages"}],"about":[{"href":"https:\/\/www.2link.de\/vds\/wp-json\/wp\/v2\/types\/page"}],"author":[{"embeddable":true,"href":"https:\/\/www.2link.de\/vds\/wp-json\/wp\/v2\/users\/1"}],"replies":[{"embeddable":true,"href":"https:\/\/www.2link.de\/vds\/wp-json\/wp\/v2\/comments?post=64"}],"version-history":[{"count":5,"href":"https:\/\/www.2link.de\/vds\/wp-json\/wp\/v2\/pages\/64\/revisions"}],"predecessor-version":[{"id":1472,"href":"https:\/\/www.2link.de\/vds\/wp-json\/wp\/v2\/pages\/64\/revisions\/1472"}],"up":[{"embeddable":true,"href":"https:\/\/www.2link.de\/vds\/wp-json\/wp\/v2\/pages\/197"}],"wp:attachment":[{"href":"https:\/\/www.2link.de\/vds\/wp-json\/wp\/v2\/media?parent=64"}],"curies":[{"name":"wp","href":"https:\/\/api.w.org\/{rel}","templated":true}]}}