{"id":76,"date":"2015-11-30T14:59:05","date_gmt":"2015-11-30T14:59:05","guid":{"rendered":"http:\/\/www.2link.de\/vds\/sportbootlehrer\/bersicht\/"},"modified":"2023-01-16T11:17:31","modified_gmt":"2023-01-16T10:17:31","slug":"uebersicht","status":"publish","type":"page","link":"https:\/\/www.2link.de\/vds\/sportbootlehrer\/uebersicht\/","title":{"rendered":"Wassersportlehrer\/Jobb\u00f6rse"},"content":{"rendered":"\n<style type=\"text\/css\" data-created_by=\"avia_inline_auto\" id=\"style-css-av-lc8wzb9k-f0d3a05cbc4aa090ca106462dc9d79fd\">\n#top .av-special-heading.av-lc8wzb9k-f0d3a05cbc4aa090ca106462dc9d79fd{\npadding-bottom:10px;\n}\nbody .av-special-heading.av-lc8wzb9k-f0d3a05cbc4aa090ca106462dc9d79fd .av-special-heading-tag .heading-char{\nfont-size:25px;\n}\n.av-special-heading.av-lc8wzb9k-f0d3a05cbc4aa090ca106462dc9d79fd .av-subheading{\nfont-size:15px;\n}\n<\/style>\n<div  class='av-special-heading av-lc8wzb9k-f0d3a05cbc4aa090ca106462dc9d79fd av-special-heading-h1  avia-builder-el-0  el_before_av_textblock  avia-builder-el-first '><h1 class='av-special-heading-tag'  itemprop=\"headline\"  >Wassersportlehrer\/Jobb\u00f6rse<\/h1><div class=\"special-heading-border\"><div class=\"special-heading-inner-border\"><\/div><\/div><\/div>\n<section  class='av_textblock_section av-15z64-dc16ff0bc954b0ab776a578040cb17aa'  itemscope=\"itemscope\" itemtype=\"https:\/\/schema.org\/CreativeWork\" ><div class='avia_textblock'  itemprop=\"text\" ><h3>Lehrer beim VDS &#8211; Das Hobby zum Beruf machen&#8230;<\/h3>\n<p><strong>das ist der Traum vieler Wassersportler.<\/strong><\/p>\n<p>Der VDS bildet qualifizierte Wassersportlehrer aus, deren Einsatzm\u00f6glichkeiten sehr vielf\u00e4ltig sind. Die VDS-Wassersportschulen suchen zu jeder Saison qualifizierte Kr\u00e4fte, die saisonweise und auch langfristig eingesetzt werden. Egal, ob man in Deutschland arbeiten oder lieber im sonnigen S\u00fcden t\u00e4tig sein m\u00f6chte, der VDS-Wassersportlehrer hat hier alle M\u00f6glichkeiten und auch die gro\u00dfen Ferienclubs sind dankbar f\u00fcr die Vermittlung von Wassersportlehrern.<\/p>\n<p>Wassersportlehrer k\u00f6nnen sich schwerpunktorientiert durch die Teilnahme des jeweiligen Seminars und das Bestehen der Pr\u00fcfung qualifizieren:<\/p>\n<ul>\n<li><a href=\"https:\/\/www.2link.de\/vds\/sportbootlehrer\/segellehrer\/\">Segellehrer<\/a><\/li>\n<li><a href=\"https:\/\/www.2link.de\/vds\/sportbootlehrer\/motorbootlehrer\/\">Motorbootlehrer<\/a><\/li>\n<li><a href=\"https:\/\/www.2link.de\/vds\/sportbootlehrer\/catamaranlehrer\/\">Catamaranlehrer<\/a><\/li>\n<li><a href=\"https:\/\/www.2link.de\/vds\/sportbootlehrer\/windsurflehrer\/\">Windsurflehrer<\/a><\/li>\n<li><a href=\"https:\/\/www.2link.de\/vds\/kitesurfen-2\/lehrerlizenz\/\">Kitesurf-Instructor<\/a><\/li>\n<li>Wingsurf-\/Wingfoil-Instructor<\/li>\n<\/ul>\n<\/div><\/section>\n<\/div><\/div><\/div><!-- close content main div --><\/div><\/div>\n<style type=\"text\/css\" data-created_by=\"avia_inline_auto\" id=\"style-css-av-lcynjm9h-591bfa5789c8793166bfbcbceb95c9cd\">\n.avia-section.av-lcynjm9h-591bfa5789c8793166bfbcbceb95c9cd{\nbackground-repeat:no-repeat;\nbackground-image:url(https:\/\/www.2link.de\/vds\/wp-content\/uploads\/mitgliedschaft_farbsektion_shutterstock_1276707406-1030x646.jpg);\nbackground-position:50% 50%;\nbackground-attachment:fixed;\n}\n<\/style>\n<div id='av_section_1'  class='avia-section av-lcynjm9h-591bfa5789c8793166bfbcbceb95c9cd main_color avia-section-default avia-no-border-styling  avia-builder-el-2  el_after_av_textblock  el_before_av_section  avia-full-stretch avia-bg-style-fixed av-minimum-height av-minimum-height-50  container_wrap fullsize'  data-section-bg-repeat='stretch' data-av_minimum_height_pc='50'><div class='container av-section-cont-open' ><div class='template-page content  av-content-full alpha units'><div class='post-entry post-entry-type-page post-entry-76'><div class='entry-content-wrapper clearfix'>\n<\/div><\/div><\/div><!-- close content main div --><\/div><\/div>\n<style type=\"text\/css\" data-created_by=\"avia_inline_auto\" id=\"style-css-av-lcxikg1f-da21f58e2bbc20cada0fe9552f629d43\">\n.avia-section.av-lcxikg1f-da21f58e2bbc20cada0fe9552f629d43{\nposition:relative;\n}\n.avia-section.av-lcxikg1f-da21f58e2bbc20cada0fe9552f629d43 .avia-divider-svg-bottom svg{\nheight:20px;\nwidth:calc(100% + 1.3px);\nfill:#0069b3;\n}\n<\/style>\n<div id='av_section_2'  class='avia-section av-lcxikg1f-da21f58e2bbc20cada0fe9552f629d43 alternate_color avia-section-default avia-no-border-styling  avia-builder-el-3  el_after_av_section  avia-builder-el-last  avia-bg-style-scroll container_wrap fullsize'  ><div class='avia-divider-svg avia-divider-svg-arrow avia-divider-svg-bottom avia-svg-original'><svg xmlns=\"http:\/\/www.w3.org\/2000\/svg\" viewBox=\"0 0 700 10\" preserveAspectRatio=\"none\">\n\t<path d=\"M350,10L340,0h20L350,10z\"\/>\n<\/svg><\/div><div class='container av-section-cont-open' ><div class='template-page content  av-content-full alpha units'><div class='post-entry post-entry-type-page post-entry-76'><div class='entry-content-wrapper clearfix'>\n<section  class='av_textblock_section av-lcxijy4l-27b803676161d62bc59236b07dccf5d9'  itemscope=\"itemscope\" itemtype=\"https:\/\/schema.org\/CreativeWork\" ><div class='avia_textblock'  itemprop=\"text\" ><h3>Wer bereits Lehrer ist<\/h3>\n<p>kommt hier zu den <a href=\"https:\/\/www.2link.de\/vds\/sportbootlehrer\/jobborse-angebote\/\"><strong>Jobangeboten<\/strong><\/a> und zu den <a href=\"https:\/\/www.2link.de\/vds\/sportbootlehrer\/jobborse-gesuche\/\"><strong>Jobgesuchen<\/strong><\/a><\/p>\n<p>F\u00fcr die Online-Job-Suchb\u00f6rse tragt bitte eure aussagekr\u00e4ftige Kurzbewerbung und Eure E-Mail-Adresse oder Telefonnummer ein. Unsere Schulen rufen die Daten eigenst\u00e4ndig ab und setzen sich dann direkt mit euch in Verbindung.<\/p>\n<p>Zus\u00e4tzlich bietet der VDS auch den Schulen die M\u00f6glichkeit, offene Stellen auszuschreiben. Die nach Lehrern suchenden VDS-Schulen k\u00f6nnen sich direkt in die Online-Job-Angebotsb\u00f6rse eintragen (Bitte auch dringend dort hineinschauen!)<\/p>\n<\/div><\/section>\n\n","protected":false},"excerpt":{"rendered":"","protected":false},"author":1,"featured_media":0,"parent":68,"menu_order":10,"comment_status":"closed","ping_status":"closed","template":"","meta":{"footnotes":""},"class_list":["post-76","page","type-page","status-publish","hentry"],"yoast_head":"<!-- This site is optimized with the Yoast SEO plugin v27.3 - https:\/\/yoast.com\/product\/yoast-seo-wordpress\/ -->\n<title>Wassersportlehrer\/Jobb\u00f6rse - Verband Deutscher Sportbootschulen<\/title>\n<meta name=\"robots\" content=\"index, follow, max-snippet:-1, max-image-preview:large, max-video-preview:-1\" \/>\n<meta property=\"og:locale\" content=\"de_DE\" \/>\n<meta property=\"og:type\" content=\"article\" \/>\n<meta property=\"og:title\" content=\"Wassersportlehrer\/Jobb\u00f6rse - Verband Deutscher Sportbootschulen\" \/>\n<meta property=\"og:url\" content=\"https:\/\/www.2link.de\/vds\/sportbootlehrer\/uebersicht\/\" \/>\n<meta property=\"og:site_name\" content=\"Verband Deutscher Sportbootschulen\" \/>\n<meta property=\"article:modified_time\" content=\"2023-01-16T10:17:31+00:00\" \/>\n<meta name=\"twitter:card\" content=\"summary_large_image\" \/>\n<meta name=\"twitter:label1\" content=\"Gesch\u00e4tzte Lesezeit\" \/>\n\t<meta name=\"twitter:data1\" content=\"2\u00a0Minuten\" \/>\n<script type=\"application\/ld+json\" class=\"yoast-schema-graph\">{\"@context\":\"https:\\\/\\\/schema.org\",\"@graph\":[{\"@type\":\"WebPage\",\"@id\":\"https:\\\/\\\/www.2link.de\\\/vds\\\/sportbootlehrer\\\/uebersicht\\\/\",\"url\":\"https:\\\/\\\/www.2link.de\\\/vds\\\/sportbootlehrer\\\/uebersicht\\\/\",\"name\":\"Wassersportlehrer\\\/Jobb\u00f6rse - Verband Deutscher Sportbootschulen\",\"isPartOf\":{\"@id\":\"https:\\\/\\\/www.2link.de\\\/vds\\\/#website\"},\"datePublished\":\"2015-11-30T14:59:05+00:00\",\"dateModified\":\"2023-01-16T10:17:31+00:00\",\"breadcrumb\":{\"@id\":\"https:\\\/\\\/www.2link.de\\\/vds\\\/sportbootlehrer\\\/uebersicht\\\/#breadcrumb\"},\"inLanguage\":\"de\",\"potentialAction\":[{\"@type\":\"ReadAction\",\"target\":[\"https:\\\/\\\/www.2link.de\\\/vds\\\/sportbootlehrer\\\/uebersicht\\\/\"]}]},{\"@type\":\"BreadcrumbList\",\"@id\":\"https:\\\/\\\/www.2link.de\\\/vds\\\/sportbootlehrer\\\/uebersicht\\\/#breadcrumb\",\"itemListElement\":[{\"@type\":\"ListItem\",\"position\":1,\"name\":\"Startseite\",\"item\":\"https:\\\/\\\/www.2link.de\\\/vds\\\/\"},{\"@type\":\"ListItem\",\"position\":2,\"name\":\"Sportbootlehrer\",\"item\":\"https:\\\/\\\/www.2link.de\\\/vds\\\/sportbootlehrer\\\/\"},{\"@type\":\"ListItem\",\"position\":3,\"name\":\"Wassersportlehrer\\\/Jobb\u00f6rse\"}]},{\"@type\":\"WebSite\",\"@id\":\"https:\\\/\\\/www.2link.de\\\/vds\\\/#website\",\"url\":\"https:\\\/\\\/www.2link.de\\\/vds\\\/\",\"name\":\"Verband Deutscher Sportbootschulen\",\"description\":\"\",\"potentialAction\":[{\"@type\":\"SearchAction\",\"target\":{\"@type\":\"EntryPoint\",\"urlTemplate\":\"https:\\\/\\\/www.2link.de\\\/vds\\\/?s={search_term_string}\"},\"query-input\":{\"@type\":\"PropertyValueSpecification\",\"valueRequired\":true,\"valueName\":\"search_term_string\"}}],\"inLanguage\":\"de\"}]}<\/script>\n<!-- \/ Yoast SEO plugin. -->","yoast_head_json":{"title":"Wassersportlehrer\/Jobb\u00f6rse - Verband Deutscher Sportbootschulen","robots":{"index":"index","follow":"follow","max-snippet":"max-snippet:-1","max-image-preview":"max-image-preview:large","max-video-preview":"max-video-preview:-1"},"og_locale":"de_DE","og_type":"article","og_title":"Wassersportlehrer\/Jobb\u00f6rse - Verband Deutscher Sportbootschulen","og_url":"https:\/\/www.2link.de\/vds\/sportbootlehrer\/uebersicht\/","og_site_name":"Verband Deutscher Sportbootschulen","article_modified_time":"2023-01-16T10:17:31+00:00","twitter_card":"summary_large_image","twitter_misc":{"Gesch\u00e4tzte Lesezeit":"2\u00a0Minuten"},"schema":{"@context":"https:\/\/schema.org","@graph":[{"@type":"WebPage","@id":"https:\/\/www.2link.de\/vds\/sportbootlehrer\/uebersicht\/","url":"https:\/\/www.2link.de\/vds\/sportbootlehrer\/uebersicht\/","name":"Wassersportlehrer\/Jobb\u00f6rse - Verband Deutscher Sportbootschulen","isPartOf":{"@id":"https:\/\/www.2link.de\/vds\/#website"},"datePublished":"2015-11-30T14:59:05+00:00","dateModified":"2023-01-16T10:17:31+00:00","breadcrumb":{"@id":"https:\/\/www.2link.de\/vds\/sportbootlehrer\/uebersicht\/#breadcrumb"},"inLanguage":"de","potentialAction":[{"@type":"ReadAction","target":["https:\/\/www.2link.de\/vds\/sportbootlehrer\/uebersicht\/"]}]},{"@type":"BreadcrumbList","@id":"https:\/\/www.2link.de\/vds\/sportbootlehrer\/uebersicht\/#breadcrumb","itemListElement":[{"@type":"ListItem","position":1,"name":"Startseite","item":"https:\/\/www.2link.de\/vds\/"},{"@type":"ListItem","position":2,"name":"Sportbootlehrer","item":"https:\/\/www.2link.de\/vds\/sportbootlehrer\/"},{"@type":"ListItem","position":3,"name":"Wassersportlehrer\/Jobb\u00f6rse"}]},{"@type":"WebSite","@id":"https:\/\/www.2link.de\/vds\/#website","url":"https:\/\/www.2link.de\/vds\/","name":"Verband Deutscher Sportbootschulen","description":"","potentialAction":[{"@type":"SearchAction","target":{"@type":"EntryPoint","urlTemplate":"https:\/\/www.2link.de\/vds\/?s={search_term_string}"},"query-input":{"@type":"PropertyValueSpecification","valueRequired":true,"valueName":"search_term_string"}}],"inLanguage":"de"}]}},"_links":{"self":[{"href":"https:\/\/www.2link.de\/vds\/wp-json\/wp\/v2\/pages\/76","targetHints":{"allow":["GET"]}}],"collection":[{"href":"https:\/\/www.2link.de\/vds\/wp-json\/wp\/v2\/pages"}],"about":[{"href":"https:\/\/www.2link.de\/vds\/wp-json\/wp\/v2\/types\/page"}],"author":[{"embeddable":true,"href":"https:\/\/www.2link.de\/vds\/wp-json\/wp\/v2\/users\/1"}],"replies":[{"embeddable":true,"href":"https:\/\/www.2link.de\/vds\/wp-json\/wp\/v2\/comments?post=76"}],"version-history":[{"count":18,"href":"https:\/\/www.2link.de\/vds\/wp-json\/wp\/v2\/pages\/76\/revisions"}],"predecessor-version":[{"id":2054,"href":"https:\/\/www.2link.de\/vds\/wp-json\/wp\/v2\/pages\/76\/revisions\/2054"}],"up":[{"embeddable":true,"href":"https:\/\/www.2link.de\/vds\/wp-json\/wp\/v2\/pages\/68"}],"wp:attachment":[{"href":"https:\/\/www.2link.de\/vds\/wp-json\/wp\/v2\/media?parent=76"}],"curies":[{"name":"wp","href":"https:\/\/api.w.org\/{rel}","templated":true}]}}