{"id":2087,"date":"2023-01-17T16:55:09","date_gmt":"2023-01-17T15:55:09","guid":{"rendered":"https:\/\/www.2link.de\/vds\/?post_type=product&#038;p=2087"},"modified":"2023-01-19T09:38:13","modified_gmt":"2023-01-19T08:38:13","slug":"segelschein-yacht","status":"publish","type":"product","link":"https:\/\/www.2link.de\/vds\/product\/segelschein-yacht\/","title":{"rendered":"Segelschein Yacht"},"content":{"rendered":"<p>Das Lehrbuch zur Ausbildung zum Segelschein Yacht. Das Buch vermittelt anschaulich das Theoriewissen, das ein verantwortungsvoller Skipper f\u00fcr das sichere F\u00fchren einer Segelyacht ben\u00f6tigt.<\/p>\n<p>Von den Grundlagen des Yachtsegelns \u00fcber den Segeltrimm, Varianten des Mensch-\u00fcber-Bord-Man\u00f6vers und die umfangreiche Aufbereitung des Themas Navigation lernen Sie die Theorie von der Pike auf.<\/p>\n<p>Das Lehrbuch umfasst 252 Seiten.<\/p>\n<p><strong>+ 3,00 Versandkosten<\/strong><\/p>\n","protected":false},"excerpt":{"rendered":"<p>Das Lehrbuch zur Ausbildung zum Segelschein Yacht. Das Buch vermittelt anschaulich das Theoriewissen, das ein verantwortungsvoller Skipper f\u00fcr das sichere F\u00fchren einer Segelyacht ben\u00f6tigt. Von den Grundlagen des Yachtsegelns \u00fcber den Segeltrimm, Varianten des Mensch-\u00fcber-Bord-Man\u00f6vers und die umfangreiche Aufbereitung des Themas Navigation lernen Sie die Theorie von der Pike auf. Das Lehrbuch umfasst 252 Seiten. [&hellip;]<\/p>\n","protected":false},"featured_media":748,"template":"","meta":[],"product_brand":[],"product_cat":[30],"product_tag":[],"class_list":{"0":"post-2087","1":"product","2":"type-product","3":"status-publish","4":"has-post-thumbnail","6":"product_cat-yachtsegeln","8":"first","9":"instock","10":"shipping-taxable","11":"purchasable","12":"product-type-simple"},"yoast_head":"<!-- This site is optimized with the Yoast SEO plugin v27.3 - https:\/\/yoast.com\/product\/yoast-seo-wordpress\/ -->\n<title>Segelschein Yacht - Verband Deutscher Sportbootschulen<\/title>\n<meta name=\"robots\" content=\"index, follow, max-snippet:-1, max-image-preview:large, max-video-preview:-1\" \/>\n<meta property=\"og:locale\" content=\"de_DE\" \/>\n<meta property=\"og:type\" content=\"article\" \/>\n<meta property=\"og:title\" content=\"Segelschein Yacht - Verband Deutscher Sportbootschulen\" \/>\n<meta property=\"og:description\" content=\"Das Lehrbuch zur Ausbildung zum Segelschein Yacht. Das Buch vermittelt anschaulich das Theoriewissen, das ein verantwortungsvoller Skipper f\u00fcr das sichere F\u00fchren einer Segelyacht ben\u00f6tigt. Von den Grundlagen des Yachtsegelns \u00fcber den Segeltrimm, Varianten des Mensch-\u00fcber-Bord-Man\u00f6vers und die umfangreiche Aufbereitung des Themas Navigation lernen Sie die Theorie von der Pike auf. Das Lehrbuch umfasst 252 Seiten. [&hellip;]\" \/>\n<meta property=\"og:url\" content=\"https:\/\/www.2link.de\/vds\/product\/segelschein-yacht\/\" \/>\n<meta property=\"og:site_name\" content=\"Verband Deutscher Sportbootschulen\" \/>\n<meta property=\"article:modified_time\" content=\"2023-01-19T08:38:13+00:00\" \/>\n<meta property=\"og:image\" content=\"https:\/\/www.2link.de\/vds\/wp-content\/uploads\/SegelscheinYacht-Titel.png\" \/>\n\t<meta property=\"og:image:width\" content=\"1190\" \/>\n\t<meta property=\"og:image:height\" content=\"1246\" \/>\n\t<meta property=\"og:image:type\" content=\"image\/png\" \/>\n<meta name=\"twitter:card\" content=\"summary_large_image\" \/>\n<meta name=\"twitter:label1\" content=\"Gesch\u00e4tzte Lesezeit\" \/>\n\t<meta name=\"twitter:data1\" content=\"1\u00a0Minute\" \/>\n<script type=\"application\/ld+json\" class=\"yoast-schema-graph\">{\"@context\":\"https:\\\/\\\/schema.org\",\"@graph\":[{\"@type\":\"WebPage\",\"@id\":\"https:\\\/\\\/www.2link.de\\\/vds\\\/product\\\/segelschein-yacht\\\/\",\"url\":\"https:\\\/\\\/www.2link.de\\\/vds\\\/product\\\/segelschein-yacht\\\/\",\"name\":\"Segelschein Yacht - Verband Deutscher Sportbootschulen\",\"isPartOf\":{\"@id\":\"https:\\\/\\\/www.2link.de\\\/vds\\\/#website\"},\"primaryImageOfPage\":{\"@id\":\"https:\\\/\\\/www.2link.de\\\/vds\\\/product\\\/segelschein-yacht\\\/#primaryimage\"},\"image\":{\"@id\":\"https:\\\/\\\/www.2link.de\\\/vds\\\/product\\\/segelschein-yacht\\\/#primaryimage\"},\"thumbnailUrl\":\"https:\\\/\\\/www.2link.de\\\/vds\\\/wp-content\\\/uploads\\\/SegelscheinYacht-Titel.png\",\"datePublished\":\"2023-01-17T15:55:09+00:00\",\"dateModified\":\"2023-01-19T08:38:13+00:00\",\"breadcrumb\":{\"@id\":\"https:\\\/\\\/www.2link.de\\\/vds\\\/product\\\/segelschein-yacht\\\/#breadcrumb\"},\"inLanguage\":\"de\",\"potentialAction\":[{\"@type\":\"ReadAction\",\"target\":[\"https:\\\/\\\/www.2link.de\\\/vds\\\/product\\\/segelschein-yacht\\\/\"]}]},{\"@type\":\"ImageObject\",\"inLanguage\":\"de\",\"@id\":\"https:\\\/\\\/www.2link.de\\\/vds\\\/product\\\/segelschein-yacht\\\/#primaryimage\",\"url\":\"https:\\\/\\\/www.2link.de\\\/vds\\\/wp-content\\\/uploads\\\/SegelscheinYacht-Titel.png\",\"contentUrl\":\"https:\\\/\\\/www.2link.de\\\/vds\\\/wp-content\\\/uploads\\\/SegelscheinYacht-Titel.png\",\"width\":1190,\"height\":1246},{\"@type\":\"BreadcrumbList\",\"@id\":\"https:\\\/\\\/www.2link.de\\\/vds\\\/product\\\/segelschein-yacht\\\/#breadcrumb\",\"itemListElement\":[{\"@type\":\"ListItem\",\"position\":1,\"name\":\"Startseite\",\"item\":\"https:\\\/\\\/www.2link.de\\\/vds\\\/\"},{\"@type\":\"ListItem\",\"position\":2,\"name\":\"Produkte\",\"item\":\"https:\\\/\\\/www.2link.de\\\/vds\\\/shop\\\/\"},{\"@type\":\"ListItem\",\"position\":3,\"name\":\"Segelschein Yacht\"}]},{\"@type\":\"WebSite\",\"@id\":\"https:\\\/\\\/www.2link.de\\\/vds\\\/#website\",\"url\":\"https:\\\/\\\/www.2link.de\\\/vds\\\/\",\"name\":\"Verband Deutscher Sportbootschulen\",\"description\":\"\",\"potentialAction\":[{\"@type\":\"SearchAction\",\"target\":{\"@type\":\"EntryPoint\",\"urlTemplate\":\"https:\\\/\\\/www.2link.de\\\/vds\\\/?s={search_term_string}\"},\"query-input\":{\"@type\":\"PropertyValueSpecification\",\"valueRequired\":true,\"valueName\":\"search_term_string\"}}],\"inLanguage\":\"de\"}]}<\/script>\n<!-- \/ Yoast SEO plugin. -->","yoast_head_json":{"title":"Segelschein Yacht - Verband Deutscher Sportbootschulen","robots":{"index":"index","follow":"follow","max-snippet":"max-snippet:-1","max-image-preview":"max-image-preview:large","max-video-preview":"max-video-preview:-1"},"og_locale":"de_DE","og_type":"article","og_title":"Segelschein Yacht - Verband Deutscher Sportbootschulen","og_description":"Das Lehrbuch zur Ausbildung zum Segelschein Yacht. Das Buch vermittelt anschaulich das Theoriewissen, das ein verantwortungsvoller Skipper f\u00fcr das sichere F\u00fchren einer Segelyacht ben\u00f6tigt. Von den Grundlagen des Yachtsegelns \u00fcber den Segeltrimm, Varianten des Mensch-\u00fcber-Bord-Man\u00f6vers und die umfangreiche Aufbereitung des Themas Navigation lernen Sie die Theorie von der Pike auf. Das Lehrbuch umfasst 252 Seiten. [&hellip;]","og_url":"https:\/\/www.2link.de\/vds\/product\/segelschein-yacht\/","og_site_name":"Verband Deutscher Sportbootschulen","article_modified_time":"2023-01-19T08:38:13+00:00","og_image":[{"width":1190,"height":1246,"url":"https:\/\/www.2link.de\/vds\/wp-content\/uploads\/SegelscheinYacht-Titel.png","type":"image\/png"}],"twitter_card":"summary_large_image","twitter_misc":{"Gesch\u00e4tzte Lesezeit":"1\u00a0Minute"},"schema":{"@context":"https:\/\/schema.org","@graph":[{"@type":"WebPage","@id":"https:\/\/www.2link.de\/vds\/product\/segelschein-yacht\/","url":"https:\/\/www.2link.de\/vds\/product\/segelschein-yacht\/","name":"Segelschein Yacht - Verband Deutscher Sportbootschulen","isPartOf":{"@id":"https:\/\/www.2link.de\/vds\/#website"},"primaryImageOfPage":{"@id":"https:\/\/www.2link.de\/vds\/product\/segelschein-yacht\/#primaryimage"},"image":{"@id":"https:\/\/www.2link.de\/vds\/product\/segelschein-yacht\/#primaryimage"},"thumbnailUrl":"https:\/\/www.2link.de\/vds\/wp-content\/uploads\/SegelscheinYacht-Titel.png","datePublished":"2023-01-17T15:55:09+00:00","dateModified":"2023-01-19T08:38:13+00:00","breadcrumb":{"@id":"https:\/\/www.2link.de\/vds\/product\/segelschein-yacht\/#breadcrumb"},"inLanguage":"de","potentialAction":[{"@type":"ReadAction","target":["https:\/\/www.2link.de\/vds\/product\/segelschein-yacht\/"]}]},{"@type":"ImageObject","inLanguage":"de","@id":"https:\/\/www.2link.de\/vds\/product\/segelschein-yacht\/#primaryimage","url":"https:\/\/www.2link.de\/vds\/wp-content\/uploads\/SegelscheinYacht-Titel.png","contentUrl":"https:\/\/www.2link.de\/vds\/wp-content\/uploads\/SegelscheinYacht-Titel.png","width":1190,"height":1246},{"@type":"BreadcrumbList","@id":"https:\/\/www.2link.de\/vds\/product\/segelschein-yacht\/#breadcrumb","itemListElement":[{"@type":"ListItem","position":1,"name":"Startseite","item":"https:\/\/www.2link.de\/vds\/"},{"@type":"ListItem","position":2,"name":"Produkte","item":"https:\/\/www.2link.de\/vds\/shop\/"},{"@type":"ListItem","position":3,"name":"Segelschein Yacht"}]},{"@type":"WebSite","@id":"https:\/\/www.2link.de\/vds\/#website","url":"https:\/\/www.2link.de\/vds\/","name":"Verband Deutscher Sportbootschulen","description":"","potentialAction":[{"@type":"SearchAction","target":{"@type":"EntryPoint","urlTemplate":"https:\/\/www.2link.de\/vds\/?s={search_term_string}"},"query-input":{"@type":"PropertyValueSpecification","valueRequired":true,"valueName":"search_term_string"}}],"inLanguage":"de"}]}},"_links":{"self":[{"href":"https:\/\/www.2link.de\/vds\/wp-json\/wp\/v2\/product\/2087","targetHints":{"allow":["GET"]}}],"collection":[{"href":"https:\/\/www.2link.de\/vds\/wp-json\/wp\/v2\/product"}],"about":[{"href":"https:\/\/www.2link.de\/vds\/wp-json\/wp\/v2\/types\/product"}],"wp:featuredmedia":[{"embeddable":true,"href":"https:\/\/www.2link.de\/vds\/wp-json\/wp\/v2\/media\/748"}],"wp:attachment":[{"href":"https:\/\/www.2link.de\/vds\/wp-json\/wp\/v2\/media?parent=2087"}],"wp:term":[{"taxonomy":"product_brand","embeddable":true,"href":"https:\/\/www.2link.de\/vds\/wp-json\/wp\/v2\/product_brand?post=2087"},{"taxonomy":"product_cat","embeddable":true,"href":"https:\/\/www.2link.de\/vds\/wp-json\/wp\/v2\/product_cat?post=2087"},{"taxonomy":"product_tag","embeddable":true,"href":"https:\/\/www.2link.de\/vds\/wp-json\/wp\/v2\/product_tag?post=2087"}],"curies":[{"name":"wp","href":"https:\/\/api.w.org\/{rel}","templated":true}]}}